d by 96?
94
What is the remainder when 1552 is divided by 140?
12
Calculate the remainder when 730 is divided by 147.
142
What is the remainder when 90 is divided by 19?
14
What is the remainder when 219 is divided by 81?
57
Calculate the remainder when 627 is divided by 17.
15
Calculate the remainder when 616 is divided by 90.
76
Calculate the remainder when 67 is divided by 58.
9
Calculate the remainder when 543 is divided by 26.
23
What is the remainder when 2169 is divided by 123?
78
What is the remainder when 422 is divided by 31?
19
Calculate the remainder when 581 is divided by 53.
51
What is the remainder when 2049 is divided by 79?
74
Calculate the remainder when 270 is divided by 93.
84
What is the remainder when 668 is divided by 67?
65
Calculate the remainder when 152 is divided by 11.
9
Calculate the remainder when 1740 is divided by 109.
105
Calculate the remainder when 6128 is divided by 1531.
4
Calculate the remainder when 53 is divided by 49.
4
Calculate the remainder when 25 is divided by 4.
1
Calculate the remainder when 3181 is divided by 99.
13
Calculate the remainder when 1312 is divided by 78.
64
Calculate the remainder when 25 is divided by 3.
1
What is the remainder when 133 is divided by 67?
66
What is the remainder when 8543 is divided by 96?
95
Calculate the remainder when 1737 is divided by 10.
7
What is the remainder when 259 is divided by 13?
12
Calculate the remainder when 9493 is divided by 211.
209
Calculate the remainder when 443 is divided by 114.
101
Calculate the remainder when 146 is divided by 74.
72
Calculate the remainder when 201 is divided by 4.
1
What is the remainder when 1056 is divided by 23?
21
What is the remainder when 34 is divided by 4?
2
Calculate the remainder when 1748 is divided by 76.
0
Calculate the remainder when 104 is divided by 12.
8
What is the remainder when 5540 is divided by 94?
88
What is the remainder when 276 is divided by 93?
90
What is the remainder when 1216 is divided by 37?
32
Calculate the remainder when 44 is divided by 25.
19
Calculate the remainder when 406 is divided by 17.
15
Calculate the remainder when 83 is divided by 31.
21
What is the remainder when 51 is divided by 43?
8
Calculate the remainder when 3850 is divided by 769.
5
Calculate the remainder when 374 is divided by 32.
22
Calculate the remainder when 320 is divided by 141.
38
What is the remainder when 11473 is divided by 76?
73
Calculate the remainder when 483 is divided by 325.
158
What is the remainder when 64 is divided by 3?
1
Calculate the remainder when 2033 is divided by 97.
93
What is the remainder when 137 is divided by 21?
11
Calculate the remainder when 5719 is divided by 40.
39
What is the remainder when 833 is divided by 29?
21
What is the remainder when 110 is divided by 19?
15
Calculate the remainder when 111 is divided by 38.
35
Calculate the remainder when 489 is divided by 187.
115
Calculate the remainder when 46109 is divided by 159.
158
What is the remainder when 1079 is divided by 174?
35
What is the remainder when 576 is divided by 162?
90
What is the remainder when 199 is divided by 23?
15
Calculate the remainder when 477 is divided by 160.
157
Calculate the remainder when 154 is divided by 143.
11
Calculate the remainder when 100 is divided by 13.
9
What is the remainder when 408 is divided by 23?
17
What is the remainder when 2103 is divided by 162?
159
What is the remainder when 217 is divided by 101?
15
Calculate the remainder when 71 is divided by 15.
11
What is the remainder when 101 is divided by 25?
1
What is the remainder when 91 is divided by 26?
13
Calculate the remainder when 241 is divided by 27.
25
Calculate the remainder when 106 is divided by 9.
7
What is the remainder when 131 is divided by 3?
2
What is the remainder when 166 is divided by 88?
78
What is the remainder when 750 is divided by 128?
110
Calculate the remainder when 285 is divided by 22.
21
Calculate the remainder when 114 is divided by 40.
34
What is the remainder when 101 is divided by 36?
29
Calculate the remainder when 723 is divided by 91.
86
Calculate the remainder when 127 is divided by 32.
31
What is the remainder when 989 is divided by 245?
9
Calculate the remainder when 241 is divided by 39.
7
What is the remainder when 89 is divided by 56?
33
Calculate the remainder when 634 is divided by 247.
140
Calculate the remainder when 2202 is divided by 63.
60
What is the remainder when 24319 is divided by 40?
39
What is the remainder when 156 is divided by 47?
15
What is the remainder when 129 is divided by 17?
10
What is the remainder when 639 is divided by 207?
18
Calculate the remainder when 122 is divided by 32.
26
What is the remainder when 182 is divided by 52?
26
Calculate the remainder when 70 is divided by 39.
31
Calculate the remainder when 75 is divided by 11.
9
Calculate the remainder when 838 is divided by 207.
10
Calculate the remainder when 510 is divided by 36.
6
Calculate the remainder when 327 is divided by 91.
54
Calculate the remainder when 1049 is divided by 212.
201
Calculate the remainder when 906 is divided by 10.
6
What is the remainder when 298 is divided by 75?
73
Calculate the remainder when 903 is divided by 293.
24
What is the remainder when 15 is divided by 3?
0
Calculate the remainder when 617 is divided by 108.
77
Calculate the remainder when 809 is divided by 209.
182
What is the remainder when 862 is divided by 7?
1
What is the remainder when 936 is divided by 109?
64
Calculate the remainder when 205 is divided by 198.
7
What is the remainder when 380 is divided by 125?
5
What is the remainder when 22 is divided by 6?
4
What is the remainder when 765 is divided by 157?
137
What is the remainder when 424 is divided by 107?
103
What is the remainder when 3892 is divided by 774?
22
Calculate the remainder when 383 is divided by 76.
3
What is the remainder when 63 is divided by 8?
7
What is the remainder when 162 is divided by 35?
22
What is the remainder when 1714 is divided by 44?
42
What is the remainder when 251 is divided by 87?
77
What is the remainder when 2398 is divided by 30?
28
What is the remainder when 2586 is divided by 855?
21
What is the remainder when 197 is divided by 18?
17
What is the remainder when 1475 is divided by 12?
11
What is the remainder when 318 is divided by 99?
21
What is the remainder when 1663 is divided by 237?
4
Calculate the remainder when 85 is divided by 46.
39
What is the remainder when 415 is divided by 30?
25
Calculate the remainder when 711 is divided by 349.
13
Calculate the remainder when 572 is divided by 29.
21
What is the remainder when 1224 is divided by 30?
24
What is the remainder when 960 is divided by 138?
132
Calculate the remainder when 2830 is divided by 118.
116
What is the remainder when 92 is divided by 12?
8
Calculate the remainder when 20 is divided by 11.
9
Calculate the remainder when 273 is divided by 86.
15
What is the remainder when 2482 is divided by 37?
3
Calculate the remainder when 2069 is divided by 29.
10
Calculate the remainder when 1272 is divided by 17.
14
Calculate the remainder when 253 is divided by 24.
13
Calculate the remainder when 522 is divided by 38.
28
What is the remainder when 320 is divided by 82?
74
Calculate the remainder when 1117 is divided by 85.
12
What is the remainder when 170 is divided by 16?
10
Calculate the remainder when 1402 is divided by 26.
24
Calculate the remainder when 280 is divided by 58.
48
Calculate the remainder when 1250 is divided by 80.
50
Calculate the remainder when 151 is divided by 8.
7
What is the remainder when 322 is divided by 65?
62
What is the remainder when 443 is divided by 216?
11
Calculate the remainder when 277 is divided by 74.
55
What is the remainder when 888 is divided by 4?
0
Calculate the remainder when 64 is divided by 11.
9
What is the remainder when 647 is divided by 9?
8
Calculate the remainder when 10339 is divided by 235.
234
Calculate the remainder when 116 is divided by 16.
4
Calculate the remainder when 155 is divided by 42.
29
Calculate the remainder when 1099 is divided by 468.
163
What is the remainder when 384 is divided by 149?
86
What is the remainder when 220 is divided by 2?
0
Calculate the remainder when 483 is